0. What is f(a)?
-13
Let x(b) be the first derivative of 1/4*b**4 + 0*b**2 + b + 0*b**3 - 4. Give x(-2).
-7
Let q be 1 - 20/(4 + 0). Let a(z) be the second derivative of z**5/20 + 5*z**4/12 + z**3/2 - 3*z**2/2 + z. Determine a(q).
1
Let c(r) = 5*r**2 + 4. Let i(f) = -11*f**2 - 11 - f**2 - 2*f**2. Let z = -66 + 62. Let q(p) = z*i(p) - 11*c(p). Calculate q(1).
1
Let j(d) = -d - 2. Let t = 19 - 29. Let r = -4 - t. Suppose -b = b - r. Calculate j(b).
-5
Let a = 16 + -20. Let z(l) = 5*l**2 + 0*l**2 + 5 + l**3 + 6*l + 0*l**2. Let s be z(a). Let m(o) = -o**3 - 3*o**2 + o + 3. Give m(s).
0
Let l(i) be the first derivative of i**3/3 - i - 14. What is l(-3)?
8
Let p(m) = m**2 - 3*m - 1. Let r be p(4). Let o(u) = u - 2 - 5 + 5. What is o(r)?
1
Let s(z) be the second derivative of -2*z + 0 + 0*z**2 + 5/6*z**3. Let g(q) = 3*q - 26. Let i be g(9). What is s(i)?
5
Let s(y) = 5*y. Let j(f) = -f. Let v(o) = 2*j(o) + s(o). What is v(2)?
6
Let v(a) be the second derivative of 5*a**4/12 + a**3/2 + 3*a**2/2 - 44*a. Calculate v(-2).
17
Let p(o) = o + 6. Suppose -4*z - 2*a + 4 = 12, 0 = 4*a + 16. Suppose 0 = r - 5*m - 20, -3*m = -z*r - 4*r - 5. Calculate p(r).
1
Let i = 13 + -10. Let y be 12/30 + i/5. Let v(k) = -10*k**3 + k**2 + k - 1. Determine v(y).
-9
Let f(l) = -5*l**2 - 3 + 5*l - 2*l**2 + 6*l**2 - l**2. Let u = -9 - -6. Let b = u - -6. Calculate f(b).
-6
Let c(g) be the third derivative of -1/6*g**3 + 1/24*g**4 + 0*g - g**2 + 0. Calculate c(-1).
-2
Let u(a) = -4*a - 2. Let h(p) = p**2 - 2*p - 1. Let c be h(3). Let g be (-49)/4 - c/(-8). Let m be ((-18)/g)/(3/(-4)). What is u(m)?
6
Let c = 19 + -25. Let q(b) = -b**3 - 5*b**2 + 6*b + 3. Give q(c).
3
Let h(p) = -2 - 4*p + 8*p + p**2 - 7*p. Give h(4).
2
Let h(f) = -299 + 4*f - 6*f**2 - 297 + 595 + f**3. What is h(5)?
-6
Let d(x) = -x**2 - 5*x + 4. Let m(g) = 5*g. Let j be m(1). Suppose 22 = 2*n + 2. Let w = j - n. Calculate d(w).
4
Let d(c) = -4 + 5*c - 5*c**2 + 4*c**2 - c**3 + 7*c**2 - 3*c**2. Calculate d(4).
0
Let l be 5/2*(-60)/50. Let k(j) = j**2 + j - 1. Let n(f) = -4*f**2 - 3*f + 7. Let v(u) = 3*k(u) + n(u). Determine v(l).
-5
Let i be (-2)/((-3)/(-3 + 9)). Let m(q) = -3*q**3 + 3*q**2 - 5*q - 2. Let v(k) = 7*k**3 - 5*k**2 + 11*k + 5. Let p(y) = -5*m(y) - 2*v(y). Calculate p(i).
-4
Let b(o) = -o**3 - o + 12. Let t be b(0). Let x(m) = -m**3 - m**2 + 3*m + 2. Let y be x(-2). Suppose -2*v - 4 + t = y. Let u(i) = -3*i + 4. What is u(v)?
-8
Let h(g) = 0 - 9*g + 10*g + 7. Let u be (-9 + -6)*2/5. Determine h(u).
1
Let u(m) = -7 + 14 - 5 - 4 + m**2 + m. Calculate u(3).
10
Let v = 1 - -1. Suppose 0 = -2*k + 2*c, -3*c = -v*k + 2*c + 6. Let u(z) be the first derivative of 2*z**2 + 3*z - 1. What is u(k)?
-5
Let y(f) = -f**3 + 7*f**2 - 7*f + 4. Let k = -10 - -13. Suppose 10 + 8 = k*l. Give y(l).
-2
Let u(d) be the second derivative of -d**5/20 + d**4/12 + d**3/6 + 9*d. Determine u(-1).
1
Suppose -1 = -3*p - 7. Let r = 7 + p. Let h(v) = -v**3 + 6*v**2 - 3*v - 5. Calculate h(r).
5
Let m(h) = 3*h + 1 - 1. Let d be -2*(-3)/(-15)*5. Let k be -4*1*d/(-4). Calculate m(k).
-6
Let z(s) be the first derivative of s**5/60 - 5*s**4/24 - s**3/6 + 2*s**2 + 1. Let q(b) be the second derivative of z(b). Calculate q(4).
-5
Let g(n) = n**3 - 9*n**2 + 10*n - 2. Let h be (-1 - 0)/((-18)/144). Calculate g(h).
14
Suppose -104 = 3*w - 7*w. Suppose 0*c - 2*u = 2*c + 6, 4*u = 3*c - w. Let q(y) = c - 2*y + 3 - y**2 + 2*y. Determine q(0).
5
Let z(w) = w + 6. Let s be z(-2). Let p be (12/18)/(s/(-6)). Let u(o) = -13*o**2 + o + 1. Determine u(p).
-13
Let a(k) = -k + 5. Suppose 4*n + 8 - 40 = 0. Let m be a(n). Let i(p) be the first derivative of p**2/2 - p - 2. Determine i(m).
-4
Let d(h) be the third derivative of h**6/120 - h**5/15 + h**4/24 + 2*h**3/3 - 31*h**2. Calculate d(3).
-2
Let f(v) = -v**3 - 3*v**2 - 4*v - 3. Let z be -3*(-5 - -4)*-1. Calculate f(z).
9
Let v(l) = 2*l**3 + 2*l**2 - l - 1. Suppose 2*p - 3 - 3 = 0. Let g = p + -5. Give v(g).
-7
Let y(t) = -t**3 + t**2 - t - 7. Let w = 73 + -73. Give y(w).
-7
Suppose 3*r - 8 = -r. Let m(q) = 3*q**r - 2*q**3 + 1 - 2*q + q**3 + 1. Let v = -5 - -8. What is m(v)?
-4
Suppose h = 3*h - 4. Let w(p) = 3*p**3 - p**2 + 2*p + 1. What is w(h)?
25
Suppose p + 9 = x - 3, -3*x + 16 = p. Let j(s) = 3*s + x - 1 - 2*s. Calculate j(0).
6
Let z(n) = -2*n + 2. Let s = 1 + -4. What is z(s)?
8
Let m(a) = 13*a - 4*a**2 - 5*a + 3*a**2 - 5 - 2. Suppose -2*k + 5*k = 18. Let h be m(k). Let z(c) = c**3 - 6*c**2 + 3*c + 3. Determine z(h).
-7
Suppose 2*f = 3*f - 2. Let r(n) be the first derivative of -f + 3/2*n**2 + 0*n. Calculate r(2).
6
Suppose -3 = a, -4*a - 13 = -p - a. Let o(v) = -v**2 + v - 4. Calculate o(p).
-16
Let o(n) = -n - 3. Let u(g) = -2*g - 6. Let k(f) = -13*o(f) + 6*u(f). Let s(j) = 3*j. Let p be s(1). Let m = 6 - p. Calculate k(m).
6
Let j(t) = -t**3 + t**2 + t + 9. Let q(v) = -2*v**3 + 3*v**2 + 3*v + 17. Let x(i) = -7*j(i) + 4*q(i). Give x(6).
-1
Let o(q) = q - 4. Suppose -2*w = -w - 3. Suppose -k + 3*l - 15 = -4*k, 0 = -4*k + 3*l - 1. Suppose 3*h - k = p - 3, -w*p - 5*h = -17. Calculate o(p).
0
Let g = 0 + 8. Let t = -11 + g. Let m(a) = -a**2 - 2*a. What is m(t)?
-3
Let w(p) = -p**3 + 4*p**2 - 3*p + 2. Suppose -11 - 1 = -4*v. Calculate w(v).
2
Let t(y) = y**2 + 14. Let i be t(0). Let u be 4/14 - (-66)/i. Let j(h) be the third derivative of h**5/60 - h**4/8 + h**3/6 - 9*h**2. What is j(u)?
11
Let x(i) = i. Let v be 2*(0 + (2 - -2)). Suppose -g - v = -a, -3*a + 8 = a + 4*g. Suppose -3*q - q + 6 = 5*d, a*d - 7 = -3*q. Calculate x(q).
-1
Let j(m) = -1 - 8 + 11 - 4*m - 5. What is j(-5)?
17
Let k = -38 - -36. Let t(w) = w - 2. Give t(k).
-4
Let j(b) = -b**3 + 4*b**2 - b - 2. Let m be j(3). Let t(d) = -d**2 + 3*d + 2. Let u be t(m). Let w(g) = g**2 + 6*g + 3. Give w(u).
-5
Let b(q) be the third derivative of q**5/60 - q**4/3 + q**3/6 - 20*q**2. Calculate b(7).
-6
Let i be (4 - 1)*2/6. Let n(g) be the first derivative of 2*g**4 - g - 9. Calculate n(i).
7
Let k(r) = -r**3 + 3*r**2 - 4*r + 3. Suppose 234 + 222 = 4*d. Suppose -2*b + 3*n = d, -b - n - 149 = 2*b. Let x be 2/12 + b/(-18). Calculate k(x).
-9
Let j(s) = s. Let l be j(2). Let o be (-9 + l - 1)/(-1). Let r be (9/(-6))/((-3)/o). Let y(m) = -m**2 + 6*m - 1. What is y(r)?
7
Let z(t) = -t**3 - 5*t - 6. Let f(u) = u**3 + u + 1. Let w(k) = -6*f(k) - z(k). Give w(-1).
6
Let v(b) = -b + 3. Let w be (-14)/(-6) + 8/12. What is v(w)?
0
Suppose 6*y - 9 = 3*y. Let o be 12/8*2/y. Let t(n) = 5*n - 1. Let v(c) = c. Let g(l) = o*t(l) - 3*v(l). Determine g(4).
7
Suppose -4*h = -12, 6*g = g - 3*h + 24. Let p(w) = -w + 2. What is p(g)?
-1
Let t(z) = z**2 - 8*z + 7. Let g(h) = h**2 - 6*h - 3. Let k be g(7). Let d be (-30)/(-3)*2/k. Suppose 12 = d*m - 13. Calculate t(m).
-8
Let u(d) be the second derivative of 0 - d + 1/6*d**3 - 1/2*d**2. Suppose -3*g = -4*g + 1. What is u(g)?
0
Suppose z + 16 = -4*f + 6*z, -3*z = -4*f - 8. Let o(w) be the first derivative of 0*w**3 + w - 1 - 2*w**3 + 0. Determine o(f).
-5
Let t = -78 - -72. Let p(s) = -s**3 - 6*s**2 - 8. What is p(t)?
-8
Let o(d) be the third derivative of -d**4/24 - d**3/2 + 3*d**2. Let g(c) = -c**2 - 6*c - 5. Let v be g(-5). Give o(v).
-3
Let o(d) = -d**3 + 9*d**2 - 8*d + 2. Let c be o(8). Let j(k) = 3 - 2*k - k - k + c*k. Give j(3).
-3
Let n(p) = -6*p - 3. Let q be -1 - (1 - 4)/(-3). Calculate n(q).
9
Let j(f) = f**2 - 1. Let h(n) = -3*n**2 + n + 2. Let w(d) = -2*h(d) - 7*j(d). Calculate w(2).
-5
Let y(n) = -n**2 + 1. Let i(h) = -3*h**2 - 7*h + 11. Let m(s) = -i(s) + 4*y(s). Let p be (2/4)/((-5)/(-50)). Determine m(p).
3
Suppose -3 = g - 1. Let n(p) = -2*p**3 - 5*p**2 + 6*p + 1. Let m(x) = -x**3 - 5*x**2 + 5*x + 2. Let r(f) = g*n(f) + 3*m(f). Calculate r(3).
-5
Let f(z) = -z + 7. Suppose 7*q = -4*p + 2*q + 5, -2 = -2*q. Suppose p*j = 5*j. What is f(j)?
7
Let u = 5 - 2. Suppose 0 = u*c + 15. Let t(z) = z**3 - 4*z**2 + 12. Let p(a) = -2*a**3 + 7*a**2 - 23. Let w(g) = c*t(g) - 3*p(g). Determine w(0).
9
Let f(j) = 2*j**3 + 2*j**2 + 1. Let b(i) = 5*i - 4. Let z be 0 + 12/(0 + 3). Let k be b(z). Let t be (-6)/(-21) - k/7. Determine f(t).
-7
Let g(p) = -2*p**2 - 2*p - 2. Suppose -4*q = 2*m + 2, 2*q + 5 = 7*q. Let c = 1 + m. Calculate g(c).
-6
Let j(o) be the second derivative of -o**4/12 - o**3/3 - 28*o. What is j(-2)?
0
Let x